{"id":64,"date":"2026-03-16T21:10:59","date_gmt":"2026-03-17T00:10:59","guid":{"rendered":"https:\/\/www.geovani.com.br\/?page_id=64"},"modified":"2026-04-10T16:45:01","modified_gmt":"2026-04-10T19:45:01","slug":"softwares","status":"publish","type":"page","link":"https:\/\/www.geovani.com.br\/index.php\/softwares\/","title":{"rendered":"Softwares"},"content":{"rendered":"\n<p class=\"has-white-color has-text-color has-background has-link-color has-medium-font-size wp-elements-711834e13cd02a8170614d086523a3d6\" style=\"background-color:#496e83\"><strong>Programas dispon\u00edveis para Download<\/strong><\/p>\n\n\n\n<figure class=\"wp-block-table\"><table class=\"has-fixed-layout\"><tbody><tr><td class=\"has-text-align-left\" data-align=\"left\"><strong>Nome<\/strong><\/td><td class=\"has-text-align-left\" data-align=\"left\"><strong>Descri\u00e7\u00e3o<\/strong><\/td><td class=\"has-text-align-center\" data-align=\"center\"><strong>Baixar<\/strong><\/td><\/tr><tr><td class=\"has-text-align-left\" data-align=\"left\">Acrobat Reader<\/td><td class=\"has-text-align-left\" data-align=\"left\">Visualizador de arquivos PDF<\/td><td class=\"has-text-align-center\" data-align=\"center\"><a href=\"https:\/\/drive.google.com\/file\/d\/12Jls08As-uczEybr5bFcChlzjT5BAc-O\/view?usp=sharing\" data-type=\"link\" data-id=\"https:\/\/drive.google.com\/file\/d\/12Jls08As-uczEybr5bFcChlzjT5BAc-O\/view?usp=sharing\">Download<\/a><\/td><\/tr><tr><td class=\"has-text-align-left\" data-align=\"left\">MS Office 19<\/td><td class=\"has-text-align-left\" data-align=\"left\">Aplicativos Microsoft<\/td><td class=\"has-text-align-center\" data-align=\"center\"><a href=\"https:\/\/drive.google.com\/file\/d\/1COi7I7QP_y8JW-7H3DMxbeskoN7UPZcW\/view?usp=sharing\" data-type=\"link\" data-id=\"https:\/\/drive.google.com\/file\/d\/1COi7I7QP_y8JW-7H3DMxbeskoN7UPZcW\/view?usp=sharing\">Download<\/a><\/td><\/tr><tr><td class=\"has-text-align-left\" data-align=\"left\">Chrome<\/td><td class=\"has-text-align-left\" data-align=\"left\">Navegador de Internet<\/td><td class=\"has-text-align-center\" data-align=\"center\"><a href=\"https:\/\/drive.google.com\/file\/d\/1feyYEjkGvs9OiGhVXuLfhkEpx8lXV5iz\/view?usp=sharing\" data-type=\"link\" data-id=\"https:\/\/drive.google.com\/file\/d\/1feyYEjkGvs9OiGhVXuLfhkEpx8lXV5iz\/view?usp=sharing\">Download<\/a><\/td><\/tr><tr><td class=\"has-text-align-left\" data-align=\"left\">WinZip 64<\/td><td class=\"has-text-align-left\" data-align=\"left\">Descompactador de arquivos<\/td><td class=\"has-text-align-center\" data-align=\"center\"><a href=\"https:\/\/drive.google.com\/file\/d\/18ralOmNe8DrtwNeCMWH6OpqGm6FbJXbK\/view?usp=sharing\" data-type=\"link\" data-id=\"https:\/\/drive.google.com\/file\/d\/18ralOmNe8DrtwNeCMWH6OpqGm6FbJXbK\/view?usp=sharing\">Download<\/a><\/td><\/tr><tr><td class=\"has-text-align-left\" data-align=\"left\">WinZip 32<\/td><td class=\"has-text-align-left\" data-align=\"left\">Descompactador de arquivos<\/td><td class=\"has-text-align-center\" data-align=\"center\"><a href=\"https:\/\/drive.google.com\/file\/d\/1BCM4tQkeMogTcX4rE-lmw1IRu80HjG_e\/view?usp=sharing\" data-type=\"link\" data-id=\"https:\/\/drive.google.com\/file\/d\/1BCM4tQkeMogTcX4rE-lmw1IRu80HjG_e\/view?usp=sharing\">Download<\/a><\/td><\/tr><tr><td class=\"has-text-align-left\" data-align=\"left\">7-Zip 64<\/td><td class=\"has-text-align-left\" data-align=\"left\">Descompactador de arquivos<\/td><td class=\"has-text-align-center\" data-align=\"center\"><a href=\"https:\/\/drive.google.com\/file\/d\/1asNIZ8R2rZ7UNQMj3pVM3yMQrRIYCPud\/view?usp=sharing\" data-type=\"link\" data-id=\"https:\/\/drive.google.com\/file\/d\/1asNIZ8R2rZ7UNQMj3pVM3yMQrRIYCPud\/view?usp=sharing\">Download<\/a><\/td><\/tr><tr><td class=\"has-text-align-left\" data-align=\"left\">7-Zip 32<\/td><td class=\"has-text-align-left\" data-align=\"left\">Descompactador de arquivos<\/td><td class=\"has-text-align-center\" data-align=\"center\"><a href=\"https:\/\/drive.google.com\/file\/d\/1q7QAVMjVjAgIBzEK7i4tBTPuqbWngH0x\/view?usp=sharing\" data-type=\"link\" data-id=\"https:\/\/drive.google.com\/file\/d\/1q7QAVMjVjAgIBzEK7i4tBTPuqbWngH0x\/view?usp=sharing\">Download<\/a><\/td><\/tr><tr><td class=\"has-text-align-left\" data-align=\"left\">CutPdf<\/td><td class=\"has-text-align-left\" data-align=\"left\">Imprimir em PDF<\/td><td class=\"has-text-align-center\" data-align=\"center\"><a href=\"https:\/\/drive.google.com\/file\/d\/1S8W29q6l3hobKT7GuA4-XRhBYt2J4Y_m\/view?usp=sharing\" data-type=\"link\" data-id=\"https:\/\/drive.google.com\/file\/d\/1S8W29q6l3hobKT7GuA4-XRhBYt2J4Y_m\/view?usp=sharing\">Download<\/a><\/td><\/tr><tr><td class=\"has-text-align-left\" data-align=\"left\">Firefox<\/td><td class=\"has-text-align-left\" data-align=\"left\">Navegador de Internet<\/td><td class=\"has-text-align-center\" data-align=\"center\"><a href=\"https:\/\/drive.google.com\/file\/d\/1bgAIgmeiXZEMd-pviZ40N7merac270iL\/view?usp=sharing\" data-type=\"link\" data-id=\"https:\/\/drive.google.com\/file\/d\/1bgAIgmeiXZEMd-pviZ40N7merac270iL\/view?usp=sharing\">V41<\/a>  <a href=\"https:\/\/drive.google.com\/file\/d\/1kRBLIBL_ektIIWSn7SUTrPRbNN2A2Nsy\/view?usp=sharing\" data-type=\"link\" data-id=\"https:\/\/drive.google.com\/file\/d\/1kRBLIBL_ektIIWSn7SUTrPRbNN2A2Nsy\/view?usp=sharing\">V50<\/a><\/td><\/tr><tr><td class=\"has-text-align-left\" data-align=\"left\">FTPcomander<\/td><td class=\"has-text-align-left\" data-align=\"left\">Navegador de FTP<\/td><td class=\"has-text-align-center\" data-align=\"center\"><a href=\"https:\/\/drive.google.com\/file\/d\/1XQb-zgve1hshnqFcGYRPllx8cBbiEfDr\/view?usp=sharing\" data-type=\"link\" data-id=\"https:\/\/drive.google.com\/file\/d\/1XQb-zgve1hshnqFcGYRPllx8cBbiEfDr\/view?usp=sharing\">Download<\/a><\/td><\/tr><tr><td class=\"has-text-align-left\" data-align=\"left\">LaserSoft<\/td><td class=\"has-text-align-left\" data-align=\"left\">Clone de HD<\/td><td class=\"has-text-align-center\" data-align=\"center\"><a href=\"https:\/\/drive.google.com\/file\/d\/1JImxAF0K-LrRy6pFQeZ0lPJmTKQNyWCf\/view?usp=sharing\" data-type=\"link\" data-id=\"https:\/\/drive.google.com\/file\/d\/1JImxAF0K-LrRy6pFQeZ0lPJmTKQNyWCf\/view?usp=sharing\">Download<\/a><\/td><\/tr><tr><td class=\"has-text-align-left\" data-align=\"left\">AnyDesk<\/td><td class=\"has-text-align-left\" data-align=\"left\">Acesso Remoto<\/td><td class=\"has-text-align-center\" data-align=\"center\"><a href=\"https:\/\/drive.google.com\/file\/d\/1DkkQwtvFu2KZs8avEXNPmYzNmY8nWL72\/view?usp=sharing\" data-type=\"link\" data-id=\"https:\/\/drive.google.com\/file\/d\/1DkkQwtvFu2KZs8avEXNPmYzNmY8nWL72\/view?usp=sharing\">Download<\/a><\/td><\/tr><tr><td class=\"has-text-align-left\" data-align=\"left\">TeanViwer<\/td><td class=\"has-text-align-left\" data-align=\"left\">Acesso Remoto<\/td><td class=\"has-text-align-center\" data-align=\"center\"><a href=\"https:\/\/drive.google.com\/file\/d\/1zWe26OKWj_GXzjYyVUF77VNeFbmbBZ00\/view?usp=sharing\" data-type=\"link\" data-id=\"https:\/\/drive.google.com\/file\/d\/1zWe26OKWj_GXzjYyVUF77VNeFbmbBZ00\/view?usp=sharing\">Download<\/a><\/td><\/tr><tr><td class=\"has-text-align-left\" data-align=\"left\">Rufus <\/td><td class=\"has-text-align-left\" data-align=\"left\">Cria\u00e7\u00e3o de Boot<\/td><td class=\"has-text-align-center\" data-align=\"center\"><a href=\"https:\/\/drive.google.com\/file\/d\/1BCM4tQkeMogTcX4rE-lmw1IRu80HjG_e\/view?usp=sharing\" data-type=\"link\" data-id=\"https:\/\/drive.google.com\/file\/d\/1BCM4tQkeMogTcX4rE-lmw1IRu80HjG_e\/view?usp=sharing\">4.0<\/a><\/td><\/tr><tr><td class=\"has-text-align-left\" data-align=\"left\">GetDataBack<\/td><td class=\"has-text-align-left\" data-align=\"left\">Recupera\u00e7\u00e3o de Arquivos<\/td><td class=\"has-text-align-center\" data-align=\"center\"><a href=\"https:\/\/drive.google.com\/file\/d\/1o_BiQ1C5bnnv4Ras898fqlsD7EFccU6z\/view?usp=sharing\" data-type=\"link\" data-id=\"https:\/\/drive.google.com\/file\/d\/1o_BiQ1C5bnnv4Ras898fqlsD7EFccU6z\/view?usp=sharing\">Download<\/a><\/td><\/tr><tr><td class=\"has-text-align-left\" data-align=\"left\">Teans<\/td><td class=\"has-text-align-left\" data-align=\"left\">Mensageiro<\/td><td class=\"has-text-align-center\" data-align=\"center\"><a href=\"https:\/\/drive.google.com\/file\/d\/1Xhzt_3zQiO5Q-Ua7LDxDR67fmFa9zoPM\/view?usp=sharing\" data-type=\"link\" data-id=\"https:\/\/drive.google.com\/file\/d\/1Xhzt_3zQiO5Q-Ua7LDxDR67fmFa9zoPM\/view?usp=sharing\">Download<\/a><\/td><\/tr><tr><td class=\"has-text-align-left\" data-align=\"left\">KMS<\/td><td class=\"has-text-align-left\" data-align=\"left\">Ativa\u00e7\u00e3o MS<\/td><td class=\"has-text-align-center\" data-align=\"center\"><a href=\"https:\/\/drive.google.com\/file\/d\/1WCAgZAFIwrkUBPDjgEPg9Gy0pXfNXz1h\/view?usp=sharing\" data-type=\"link\" data-id=\"https:\/\/drive.google.com\/file\/d\/1WCAgZAFIwrkUBPDjgEPg9Gy0pXfNXz1h\/view?usp=sharing\">V1<\/a> <a href=\"https:\/\/drive.google.com\/file\/d\/1pkmgEURCvt2ynlaaIy_eLvJRzCIvx_7K\/view?usp=sharing\" data-type=\"link\" data-id=\"https:\/\/drive.google.com\/file\/d\/1pkmgEURCvt2ynlaaIy_eLvJRzCIvx_7K\/view?usp=sharing\">V2<\/a> <a href=\"https:\/\/drive.google.com\/file\/d\/1Ttu7PeICcE6im2GOVb7N-FmIgaToU6Cv\/view?usp=sharing\" data-type=\"link\" data-id=\"https:\/\/drive.google.com\/file\/d\/1Ttu7PeICcE6im2GOVb7N-FmIgaToU6Cv\/view?usp=sharing\">V3<\/a><\/td><\/tr><tr><td class=\"has-text-align-left\" data-align=\"left\">AgendaF\u00e1cil<\/td><td class=\"has-text-align-left\" data-align=\"left\">Agenda telef\u00f4nica<\/td><td class=\"has-text-align-center\" data-align=\"center\"><a href=\"https:\/\/drive.google.com\/file\/d\/1uQxc_CVrvhDBeho9JLQ5z_n94L_iA9Go\/view?usp=sharing\" data-type=\"link\" data-id=\"https:\/\/drive.google.com\/file\/d\/1uQxc_CVrvhDBeho9JLQ5z_n94L_iA9Go\/view?usp=sharing\">Download<\/a><\/td><\/tr><tr><td class=\"has-text-align-left\" data-align=\"left\">Ip\u00e9rius Backup<\/td><td class=\"has-text-align-left\" data-align=\"left\">Backup de dados MS<\/td><td class=\"has-text-align-center\" data-align=\"center\"><a href=\"https:\/\/drive.google.com\/file\/d\/1KI0SFUQGHBx_NFjelIv3svieFVzOYoOe\/view?usp=sharing\" data-type=\"link\" data-id=\"https:\/\/drive.google.com\/file\/d\/1KI0SFUQGHBx_NFjelIv3svieFVzOYoOe\/view?usp=sharing\">Download <\/a><a href=\"https:\/\/drive.google.com\/file\/d\/1UozMTyKV4vwR7irtpPL2kB5yoVjEL9LP\/view?usp=sharing\" data-type=\"link\" data-id=\"https:\/\/drive.google.com\/file\/d\/1UozMTyKV4vwR7irtpPL2kB5yoVjEL9LP\/view?usp=sharing\">ATV <\/a><\/td><\/tr><tr><td class=\"has-text-align-left\" data-align=\"left\"><\/td><td class=\"has-text-align-left\" data-align=\"left\"><\/td><td class=\"has-text-align-center\" data-align=\"center\"><\/td><\/tr><tr><td class=\"has-text-align-left\" data-align=\"left\"><\/td><td class=\"has-text-align-left\" data-align=\"left\"><\/td><td class=\"has-text-align-center\" data-align=\"center\"><\/td><\/tr><tr><td class=\"has-text-align-left\" data-align=\"left\"><\/td><td class=\"has-text-align-left\" data-align=\"left\"><\/td><td class=\"has-text-align-center\" data-align=\"center\"><\/td><\/tr><tr><td class=\"has-text-align-left\" data-align=\"left\"><\/td><td class=\"has-text-align-left\" data-align=\"left\"><\/td><td class=\"has-text-align-center\" data-align=\"center\"><\/td><\/tr><tr><td class=\"has-text-align-left\" data-align=\"left\"><\/td><td class=\"has-text-align-left\" data-align=\"left\"><\/td><td class=\"has-text-align-center\" data-align=\"center\"><\/td><\/tr><tr><td class=\"has-text-align-left\" data-align=\"left\"><\/td><td class=\"has-text-align-left\" data-align=\"left\"><\/td><td class=\"has-text-align-center\" data-align=\"center\"><\/td><\/tr><tr><td class=\"has-text-align-left\" data-align=\"left\"><\/td><td class=\"has-text-align-left\" data-align=\"left\"><\/td><td class=\"has-text-align-center\" data-align=\"center\"><\/td><\/tr><tr><td class=\"has-text-align-left\" data-align=\"left\"><\/td><td class=\"has-text-align-left\" data-align=\"left\"><\/td><td class=\"has-text-align-center\" data-align=\"center\"><\/td><\/tr><tr><td class=\"has-text-align-left\" data-align=\"left\"><\/td><td class=\"has-text-align-left\" data-align=\"left\"><\/td><td class=\"has-text-align-center\" data-align=\"center\"><\/td><\/tr><tr><td class=\"has-text-align-left\" data-align=\"left\"><\/td><td class=\"has-text-align-left\" data-align=\"left\"><\/td><td class=\"has-text-align-center\" data-align=\"center\"><\/td><\/tr><\/tbody><\/table><\/figure>\n\n\n\n<p class=\"has-vivid-red-color has-text-color has-link-color wp-elements-c9365267f914bd71ea50e5e539e3962b\"><\/p>\n\n\n\n<p class=\"has-vivid-red-color has-text-color has-link-color wp-elements-c9365267f914bd71ea50e5e539e3962b\"><\/p>\n","protected":false},"excerpt":{"rendered":"<p>Programas dispon\u00edveis para Download Nome Descri\u00e7\u00e3o Baixar Acrobat Reader Visualizador de arquivos PDF Download MS Office 19 Aplicativos Microsoft Download Chrome Navegador de Internet Download WinZip 64 Descompactador de arquivos Download WinZip 32 Descompactador de arquivos Download 7-Zip 64 Descompactador<\/p>\n","protected":false},"author":1,"featured_media":0,"parent":0,"menu_order":0,"comment_status":"closed","ping_status":"closed","template":"","meta":{"footnotes":""},"class_list":["post-64","page","type-page","status-publish","hentry"],"_links":{"self":[{"href":"https:\/\/www.geovani.com.br\/index.php\/wp-json\/wp\/v2\/pages\/64","targetHints":{"allow":["GET"]}}],"collection":[{"href":"https:\/\/www.geovani.com.br\/index.php\/wp-json\/wp\/v2\/pages"}],"about":[{"href":"https:\/\/www.geovani.com.br\/index.php\/wp-json\/wp\/v2\/types\/page"}],"author":[{"embeddable":true,"href":"https:\/\/www.geovani.com.br\/index.php\/wp-json\/wp\/v2\/users\/1"}],"replies":[{"embeddable":true,"href":"https:\/\/www.geovani.com.br\/index.php\/wp-json\/wp\/v2\/comments?post=64"}],"version-history":[{"count":36,"href":"https:\/\/www.geovani.com.br\/index.php\/wp-json\/wp\/v2\/pages\/64\/revisions"}],"predecessor-version":[{"id":570,"href":"https:\/\/www.geovani.com.br\/index.php\/wp-json\/wp\/v2\/pages\/64\/revisions\/570"}],"wp:attachment":[{"href":"https:\/\/www.geovani.com.br\/index.php\/wp-json\/wp\/v2\/media?parent=64"}],"curies":[{"name":"wp","href":"https:\/\/api.w.org\/{rel}","templated":true}]}}